 = 0, 0 = 4*k + 3*a + 3. Suppose k = 2*j - 9 - 11. Suppose -4 - j = -o. Calculate the greatest common divisor of o and 70.
14
Let r = -158 + 386. Calculate the highest common factor of r and 12.
12
Suppose 0 = -q - 2*q. Let v = 3 + q. Let f be 28/(-6)*v/(-1). Calculate the greatest common divisor of 112 and f.
14
Let l be 4 - (-233 - 12/4). Calculate the greatest common factor of 40 and l.
40
Suppose -270 = -0*a - 5*a. Suppose g - 4*i - 6 = -g, 3*g - a = -3*i. What is the highest common divisor of 26 and g?
13
Let z = 7 - 3. Suppose z*j = j + 24. What is the greatest common divisor of j and 64?
8
Let a be 747/21 - (-3)/7. Let f be (-6)/12 - (-121)/2. Suppose -f - 30 = -5*x. What is the highest common divisor of a and x?
18
Suppose 9 = 6*z - 3*z. Suppose g - 45 = -5*t + z*g, 27 = 2*t + g. Let j be 528/32*((-16)/(-6) - 2). Calculate the highest common divisor of t and j.
11
Let z(v) = v**3 - v**2 - v. Let i be z(0). Suppose 4*g + 5*n - 219 = i, -5*n - 5 + 0 = 0. Calculate the highest common factor of g and 8.
8
Let l be (40/(-3))/(44/(-36) - -1). What is the greatest common factor of l and 15?
15
Let w = -19 + 33. Suppose 0 = 2*y - 4 - w. Calculate the highest common divisor of 18 and y.
9
Let b = -2 + 3. Let y(j) = -2*j - 1. Let r be y(-2). Suppose -5*g + 55 = r*z + 8, g - 23 = -4*z. What is the greatest common divisor of b and g?
1
Let k(h) = h - 2. Let j be k(-6). Let y = 13 + j. What is the highest common divisor of 5 and y?
5
Suppose 3*d + 0*d = -15. Let l = 5 + d. Let h = l - -11. What is the greatest common factor of h and 110?
11
Let o = -41 + 186. Calculate the greatest common divisor of 58 and o.
29
Suppose 70 = 6*c + 8*c. Calculate the highest common factor of 55 and c.
5
Let n be (-94)/(-5) - 14/(-70). What is the highest common divisor of n and 76?
19
Suppose -2*f = 2*t - 3*t + 3, t + f - 6 = 0. Suppose -5*i = 4*z - 0*z - 46, -t*i + 3*z = -53. Calculate the highest common factor of 4 and i.
2
Suppose -14 + 54 = 4*s. What is the highest common divisor of s and 40?
10
Suppose 3*g - 640 = -2*g. Calculate the highest common divisor of 32 and g.
32
Let i(x) = x + 13. Let n be i(-10). Suppose -y - 28 = -n*r + y, 5*y - 35 = -3*r. Suppose 0 = 2*h - 3*h + 80. What is the highest common factor of h and r?
10
Suppose 0 = -3*u - 3 - 3, 58 = 5*b - 4*u. Calculate the highest common divisor of b and 80.
10
Let u = -360 - -560. Calculate the greatest common factor of u and 25.
25
Let q(l) = -l**3 + l - 15. Let r be q(0). Let o(x) = x**2 + 3*x + 3. Let w be o(-2). Let v be w/((-3)/r)*3. Calculate the highest common factor of 3 and v.
3
Let x(s) = -s**2 + 3*s. Let l be x(3). Suppose l = -0*r + 2*r. Suppose -3*p + r = -48. What is the greatest common divisor of p and 2?
2
Suppose -8 = -d + 2*z, 0*d = -2*d - 2*z - 14. Let s(h) = -h**3 - 2*h**2 - 2*h - 1. Let a be s(d). Calculate the greatest common divisor of a and 24.
3
Let n(r) = -4*r**2 + 18*r - 5. Let o be n(4). Let g = 3 + -1. Let w(a) = 13*a - 2. Let q be w(g). What is the highest common factor of q and o?
3
Let m be 5/10 - (-139)/2. Calculate the highest common factor of 28 and m.
14
Let x(c) = 4*c - 6*c + c**2 + 4*c - c - 3. Let f be x(-3). Calculate the highest common factor of 3 and f.
3
Let j = -33 + 63. Suppose 8*o - 3*o + d = 32, 2*o = -3*d + 18. What is the highest common divisor of j and o?
6
Let c = -235 + 355. What is the highest common factor of c and 24?
24
Let j = -4 - -8. Suppose 3*q + 42 = 7*q - u, -j*u = -q + 18. Suppose 3*z = -2*z + 125. Calculate the greatest common factor of q and z.
5
Let g(k) = k**2 + 5*k + 2. Let w be g(-5). Let o be w/13 + (-465)/65. Let c = -4 - o. Calculate the highest common factor of 24 and c.
3
Let p(v) = v**2 + v + 10. Let m be p(0). Suppose -2*h + 0*h - 10 = 3*o, 4*o = h - 17. Let s = h + m. What is the highest common divisor of s and 55?
11
Let o(y) be the second derivative of y**3/2 - 6*y**2 - 2*y. Let l be o(8). Let c be 2108/l - (-1)/3. What is the highest common factor of c and 16?
16
Let t = 0 + 27. Suppose -y = 2*q + q - 29, -y - 5*q = -t. What is the highest common factor of y and 80?
16
Let h(n) = -n**3 + 5*n**2 - 6 + 4*n + 0*n**2 + 0*n**2. Let c be h(4). Calculate the greatest common divisor of c and 52.
26
Let l(f) = f**3 - 3*f**2 + 5. Let a be l(5). Let k = 4 + -2. Let d be ((-88)/k)/(-5 - -3). Calculate the highest common factor of a and d.
11
Let j be ((-1)/3)/((-2)/30). Suppose 4*z - j*c = 27, -2*z = 4*c + 19 - 65. Suppose -520 = -7*s + 2*s. What is the greatest common factor of z and s?
13
Suppose 6 = -4*v - 6. Let g be (-1)/v + 78/9. Calculate the greatest common factor of g and 72.
9
Let z = -7 + 3. Let o be (36/(-27))/(z/6). Calculate the greatest common divisor of o and 3.
1
Suppose -5*b + 4*b + 122 = 0. Let h = b + -77. What is the greatest common factor of h and 18?
9
Let w(v) = -11*v - 13. Let f be w(-11). Let n = 178 - f. What is the greatest common factor of 10 and n?
10
Let t = -18 + 34. Let s(j) = -10 - 1 - 1 - 6*j. Let w be s(-10). Calculate the greatest common divisor of w and t.
16
Suppose 18 = -3*u - 27. Let p be 10/u*21/(-2). Calculate the highest common divisor of p and 77.
7
Let t(n) = 23*n - 2. Suppose x + 3*x - f - 9 = 0, -2 = -3*x - 4*f. Let q be t(x). What is the highest common divisor of 11 and q?
11
Let y be 6/9 - (-4)/(-6). Suppose y = 5*z + 4*k + 7, 2*z + k = -0 - 4. Let n = z + 4. Calculate the highest common divisor of 7 and n.
1
Let l(y) = -15*y. Let a be l(-1). Calculate the greatest common factor of 120 and a.
15
Let b be 2/(-3) - 2/6. Let r be -25*(b + 2/10). Calculate the greatest common divisor of 160 and r.
20
Let h(r) = -r**3 + 10*r**2 - r - 2. Let b be h(5). Let q = -67 + b. What is the greatest common divisor of q and 34?
17
Let m(s) = s**3 - 6*s**2 - 6*s + 3. Let r be m(7). Suppose g = -g + 20. What is the greatest common factor of r and g?
10
Let q(g) = g**2 + 3*g + 23. Let f be q(0). What is the greatest common divisor of 345 and f?
23
Let b(k) = 2*k**2 + 19*k - 17. Let p be b(-12). Calculate the highest common factor of 43 and p.
43
Let l be (-150)/(-10)*(0 - -1). Calculate the highest common divisor of 10 and l.
5
Let j = 86 - 41. Suppose 4*i - 3*x - 44 = 0, -3*i - x = 12 - j. Calculate the greatest common factor of i and 1.
1
Suppose 5*f + 0 - 10 = 5*v, 0 = 5*f + 3*v - 18. Calculate the greatest common factor of f and 4.
1
Let n be -2 - (611/(-5) - 16/20). Let q be (-2 - -4) + -2 + 11. Calculate the greatest common divisor of q and n.
11
Let b(z) = -z**2 + 16*z - 31. Let h be b(11). Calculate the highest common divisor of h and 12.
12
Let b be 1532/(-16) + 2/(-8). Let c be 2 + (-1)/(4/b). What is the greatest common factor of 13 and c?
13
Let k be 15 + (-1 - -3 - 1). Let u = 386 - 236. Suppose 5*q - 410 - u = 0. Calculate the greatest common divisor of k and q.
16
Let k = 55 - 37. Suppose -5*l + 2*u = -k, -5*l + 23 = 6*u - 3*u. Let b = 6 - l. Calculate the greatest common factor of 18 and b.
2
Let d be (-14)/(-7) - -8*6. Suppose -3*a + 2*u - 10 = -4*a, -10 = -a - u. Calculate the greatest common factor of d and a.
10
Suppose 0 = -2*p - 2*b + 14, 5*p - 2*b = 2*b - 10. Let s = 7 + 11. Calculate the greatest common factor of s and p.
2
Let a = -16 + 22. Let y be 1 - (584 + -6 + 3). Let q be y/(-50) - (-4)/10. What is the greatest common factor of a and q?
6
Let z be (-2)/8 - (-290)/40. What is the highest common divisor of 56 and z?
7
Suppose 0 = -7*j + 3*j + 88. Suppose 0 = -3*w + 241 + 89. What is the greatest common factor of w and j?
22
Let h = 6 + -3. Let a = -4 + 6. Suppose h*o - k - 63 = a*k, 4*o - 89 = -k. What is the highest common factor of 55 and o?
11
Let b = -69 + 81. What is the highest common factor of b and 12?
12
Let f(i) = -i**3 + 7*i**2 - 6*i - 6. Let u be f(6). Let c be 11*1 + (-9 - u). Let a = 7 + c. Calculate the greatest common factor of a and 75.
15
Let d(v) = v**2 + 6*v + 1. Let c be (8/(-3))/((-3)/(-9)). Let p be d(c). Calculate the greatest common factor of p and 187.
17
Suppose 0*h + 2*h - 8 = 0. Suppose h*n - 2*n - 14 = p, 5*n = -5*p + 50. Suppose q = 3*q - n. What is the highest common factor of q and 16?
4
Let i = 208 + -198. Calculate the greatest common divisor of i and 4.
2
Let n be (0 - 115)*6/(-15). Let v(z) = 19*z**3 - 29*z**3 - 4 - z + 3 - n*z**3. Let